e (p/(-2))/((-11)/330). Calculate the highest common factor of 5 and h.
5
Suppose 6*o - o + 4*s - 85 = 0, 2*o + 3*s - 34 = 0. Let h be 20/(-6)*(-18)/(-15). Let m = h + 72. Calculate the highest common factor of o and m.
17
Let y = 12 + -17. Let q be 1/y - (-12)/10. Let s = 18 - q. Calculate the greatest common divisor of 119 and s.
17
Suppose 5*a - 35 = -5*r + 20, 0 = -5*r + a + 61. Calculate the greatest common factor of 12 and r.
12
Let m(r) = r**3 - 10*r**2 + 12*r + 9. Let w(h) = h**2. Let u be w(-3). Let y be m(u). Suppose y = 5*b - 2*b. Calculate the greatest common divisor of 12 and b.
12
Suppose -s + 0*s = 0. Suppose s = n + 2*n - 18. Let k = 24 - n. Calculate the highest common divisor of 6 and k.
6
Let m(v) = 3 + 6*v**2 + v**3 + 3 - 2*v + 2. Let q be m(-6). Let h be ((-4)/2 - -8) + -2. Calculate the highest common factor of q and h.
4
Suppose -6*w + 5*w + 9 = 0. Suppose s + 1 = 2*y, 0 = -s + 1 - 0. Calculate the greatest common divisor of y and w.
1
Suppose 2*t + 3*q - 75 = 0, 2*t - 14 - 53 = 5*q. Let a = 14 - 10. Calculate the highest common divisor of t and a.
4
Suppose -x + 10 + 1 = 0. What is the greatest common factor of x and 55?
11
Suppose 4*t - 199 = 5*j - 0*j, 2*t - 5*j - 87 = 0. Calculate the greatest common divisor of 7 and t.
7
Let y(k) = -k**3 + 2*k**2 + 4*k + 5. Let l be y(-5). What is the highest common factor of 64 and l?
32
Suppose -2*f + 6 + 22 = 0. What is the highest common factor of 14 and f?
14
Let v = -9 + 16. Let c = -56 - -35. Let d be (-36)/c + 2/v. Calculate the greatest common divisor of d and 3.
1
Let f = 76 - 34. What is the highest common factor of f and 14?
14
Let q be (4/(-5))/((-2)/5). Suppose q*c - 344 = 4*j, -2*j + 4 + 4 = 0. Suppose -t + c = 2*t. Calculate the greatest common factor of t and 24.
12
Suppose 0 = 3*o - 0*o - 180. Let p be 1/(3 - o/21). What is the highest common factor of p and 56?
7
Let v be ((-12)/8 + -3)/(3/(-138)). Suppose -15 = 5*o, 44 = -3*p - 5*o + 143. Let m = -15 + p. What is the highest common divisor of v and m?
23
Let j(d) = 2*d + 87. Let b be j(0). Calculate the greatest common factor of b and 116.
29
Suppose 3*d - 319 = 77. Suppose 0 = 5*x - 2*x - d. What is the greatest common divisor of 110 and x?
22
Let d = 257 + -147. Let r(f) be the first derivative of -f**2 + 4*f - 4. Let v be r(-3). Calculate the highest common divisor of d and v.
10
Let t = 64 + -36. Let r = -11 + t. Calculate the highest common divisor of r and 153.
17
Suppose 5*p - 93 = 107. Let f = 6 + -3. Suppose -4*n + 5*z = -47, -6*z - 39 = -f*n - z. What is the highest common divisor of n and p?
8
Suppose 0*j + 280 = 10*j. Calculate the greatest common divisor of j and 7.
7
Let w(k) be the first derivative of -k - 17/2*k**2 + 2. Let x be w(-1). What is the highest common divisor of 40 and x?
8
Let a = -1 + 3. Suppose -3*s - 11 = -4*s - 3*j, s - j - 15 = 0. What is the highest common factor of s and a?
2
Suppose -5*f = 3*k - 94, -44 = -k + 4*f + 10. Calculate the highest common divisor of 95 and k.
19
Let s be 3 - 7/(28/(-8)). Suppose 2*z + 2 = 3*z. Calculate the greatest common divisor of z and s.
1
Let g be 15*((-28)/(-20) - 1). Calculate the greatest common factor of g and 3.
3
Suppose 3*q - 29 = -5*o + 201, -3*q = -5*o - 190. Let r(p) = p**3 - 7*p**2 - 6*p - 6. Let v be r(8). What is the highest common factor of v and q?
10
Let f be (-6)/(-8) + 426/8. Let t = f - -2. Suppose 0 = -2*d + 2*b + 14, -2*d + 5*d = -4*b + t. What is the highest common divisor of d and 96?
12
Let t be 3 + (-2 + 0 - -3) + 14. What is the greatest common divisor of 27 and t?
9
Let y(i) = 11*i**3 - 2*i**2 + 4*i - 3. Let z be y(2). Calculate the highest common factor of z and 17.
17
Let i = 23 - 35. Let d be (-26)/(-6) - (-4)/i. Calculate the greatest common factor of d and 4.
4
Let d = -17 + 44. What is the highest common divisor of 3 and d?
3
Let g be (-9)/27*(1 - 1). Let r be -1 - (-10 - g/1). Suppose -y + 15 = -z + 2*z, -3*y + r = z. Calculate the greatest common factor of 45 and z.
9
Let q = -2 + 3. Let j be (-1 - 3)*q - -2. Let y = 14 + j. What is the highest common divisor of y and 108?
12
Let v(x) = x**3 - 3*x - 4. Let z be v(3). Calculate the highest common factor of 154 and z.
14
Suppose -6 = -3*m + m. Suppose u = -5*y + 13, -4*u + y + 8 = -y. Suppose -m*b + 6 = u. What is the highest common divisor of b and 7?
1
Let y = -2 + 8. Suppose -5*h + 8*h - 69 = 0. Let j = h - -1. What is the highest common divisor of y and j?
6
Let h(o) = 8*o - 12. Let z be h(5). What is the highest common divisor of z and 56?
28
Let d be 632/88 - (-4)/(-22). What is the highest common factor of d and 7?
7
Let v be ((-105)/9 + 1)*21/(-4). What is the highest common divisor of 28 and v?
28
Let d(l) = 2*l**2 + 8*l - 6. Let f be d(5). Suppose y + 0*y = 12. Calculate the greatest common factor of y and f.
12
Let y be 754/7 - (-4)/14. Let c be 0/(-2)*(-1 - -2). Suppose c*o = -o + 12. Calculate the greatest common factor of o and y.
12
Let z(o) = 6*o. Let c be z(1). Suppose 11 = 2*u + 7. What is the highest common factor of u and c?
2
Let m = 24 + -15. Suppose 0*i - 3*i = -189. Calculate the greatest common divisor of i and m.
9
Suppose 7*q - 72 = q. Calculate the greatest common divisor of 228 and q.
12
Let j = -2 + 8. Suppose 4*r + j - 18 = 0. What is the greatest common factor of r and 6?
3
Let z = 4 - 1. Suppose -z*n = -5*h - 5*n + 5, 24 = 3*h - 3*n. Let f(c) = 10*c. Let o be f(h). Calculate the greatest common divisor of o and 20.
10
Let l be -1*1*(-204)/(-24)*-4. Calculate the highest common divisor of 374 and l.
34
Suppose 5*i + 4*n - 5*n - 256 = 0, 4*i - 3*n = 207. Calculate the greatest common factor of 34 and i.
17
Suppose -2*g + 232 = 2*g. Calculate the highest common divisor of 29 and g.
29
Suppose 2*c - 4*r = -r + 46, -4*c = 3*r - 56. Calculate the highest common divisor of 187 and c.
17
Let l be (-2)/9 - (-1740)/54. What is the greatest common divisor of l and 4?
4
Let k(l) = -2*l - 9. Let y be k(-6). Suppose -y*c + 280 = c. Suppose 5*m - 13*m + 80 = 0. What is the highest common factor of c and m?
10
Let l = -110 - -36. Let y be 4/(-8) - l/4. Calculate the highest common divisor of y and 6.
6
Let d(n) = 44*n**2. Let j be d(-1). Let a(b) = 2 + 2 + b + 5*b + b**2. Let r be a(-7). What is the highest common factor of j and r?
11
Let k(j) = -j**3 - 2*j**2 - j. Let d be k(-2). Let c = d + 15. Calculate the highest common factor of c and 119.
17
Let h(y) be the third derivative of y**2 + 0 - y**3 - 11/24*y**4 - 1/60*y**5 + 0*y. Let j be h(-9). Calculate the greatest common factor of j and 48.
12
Let v(h) = 3*h**2 + h + 1. Let w be v(-2). Let m = 38 + -16. Calculate the highest common factor of m and w.
11
Suppose -4*z - 15 = -9*z. Suppose -2*o - 3 = o. Let j be (23 - -4)*(o - -2). Calculate the greatest common factor of z and j.
3
Let y(q) = 3*q**2 + 2. Let k be y(-4). Suppose t + 2*t - 75 = 0. What is the greatest common divisor of t and k?
25
Let d(v) = v. Let a be d(-1). Let c be 80/4 + (-3 - a). Calculate the greatest common divisor of c and 54.
18
Let w(i) = i**2 - 2*i + 1. Let g be w(2). Let u(x) = x**2 - 5*x - g + 5*x + 0. Let j be u(-3). What is the greatest common factor of 4 and j?
4
Suppose 0 = 4*b - 3*h - 1771, -20*b - 2*h - 1328 = -23*b. Calculate the greatest common divisor of b and 26.
26
Suppose -3*g - 9 = 0, 3*j = j - 3*g + 123. Let i be (-1 - 0)/(25/(-1100)). What is the greatest common factor of j and i?
22
Let b = -68 - 4. Suppose -4*t = 8 + 172. Let w = t - b. Calculate the greatest common factor of w and 18.
9
Let n be (2/2)/((-5)/(-50)). Suppose v - n = 3. What is the greatest common divisor of v and 104?
13
Suppose -3*i + 52 = 3*t - 17, t + 3*i - 27 = 0. Calculate the highest common factor of 42 and t.
21
Suppose 9 + 23 = n. Suppose -48 = -5*o + 3*p, 0 = 2*o + p + p - n. Calculate the highest common divisor of o and 24.
12
Let j(m) = -m**3 + 7*m**2 - 5*m + 9. Let c be j(6). Calculate the highest common factor of c and 105.
15
Let i(j) = 18*j + 21. Let t be i(2). Calculate the greatest common divisor of t and 19.
19
Let p be ((-35)/(-10))/((-2)/(-4)). Suppose -3*z + 4 = -2*z. Suppose -2*c + 5*y + 104 = 0, -5*y = z*c - 54 - 94. What is the greatest common divisor of c and p?
7
Let s = 26 - 0. Calculate the greatest 